 5. What is the units digit of v(12)?
9
Suppose -i + 6 + 13 = -4*b, -3*i + 31 = b. What is the tens digit of i?
1
Let s(h) = 6*h**2 + 8*h + 3. What is the units digit of s(-5)?
3
Let w = 13 - -51. Let g = -43 + w. What is the tens digit of g?
2
Let s = 8 + 6. Let o(a) = -a**3 - 4*a**2 - 2*a - 3. Let h be o(-4). Suppose 8 = c - h*l, 9*c + l - s = 4*c. What is the units digit of c?
3
Let z = 15 - -112. What is the units digit of z?
7
Suppose 0 = -4*z - 5*p - 2, 5*z - 7*p = -2*p + 20. Suppose -z*s + 15 = -s. What is the tens digit of s?
1
Let k(g) = 22*g**3 + 2*g**2 - g. Let n be k(1). Suppose 5*x = i + n, 3*i - x - 2*x = -9. Let m = 4 - i. What is the units digit of m?
2
Suppose -4*o + 13 = -3. Suppose h = 3*h - o. What is the units digit of (4/(-6))/(h/(-9))?
3
Suppose -13*o + 1270 + 2097 = 0. What is the tens digit of o?
5
Let p be (-2)/(0 + (-6)/15). Let f = 3 - p. What is the units digit of (-1 - -5) + f/1?
2
What is the tens digit of 57 + 0 + 2/(-2)?
5
Suppose 2*k - 5*k - 60 = -3*b, 5*k = 3*b - 68. What is the units digit of b?
6
Let p(t) = t + 4. Let d be p(-4). Let x(l) = l**3 - 3*l. Let i be x(3). Suppose d*f = -3*f + i. What is the units digit of f?
6
Suppose -24 = 2*h - 6*h. Let l(x) = -x**3 - 3*x**2 + 3*x + 6. Let k be l(-4). Suppose 0 = -w + h*w - k. What is the units digit of w?
2
Let z = -10 - -12. Suppose 0 = 7*f - z*f - 85. What is the tens digit of f?
1
Suppose -l + i - 4*i = 29, 0 = -3*l - 2*i - 66. What is the units digit of (-4)/10 - 168/l?
8
Let s(j) = j**3 + 7*j**2 - 2*j. Suppose 2*h + 9 = -5. What is the units digit of s(h)?
4
Let o be (-18)/81 - (-56)/9. What is the tens digit of ((-17)/(-2))/(o/12)?
1
Let q be -6*(1 - -2)/(-6). Suppose -4*c = -c + 4*a - 20, 3*c - 27 = q*a. What is the units digit of c?
8
Let d(v) = 2*v**2 + v - 1. Let m be d(-3). Let g = m + 7. What is the tens digit of g?
2
What is the units digit of (-2 - 0)/(-1) - -16?
8
Suppose 5*x - 618 = -3*p - 31, -20 = -5*x. What is the hundreds digit of p?
1
Suppose -3*y = 2*y - 10. Let j(t) = -y - 2 - 1 - 3*t - 3. What is the units digit of j(-7)?
3
Let n be (2 + -2)/((-4)/(-4)). Let u(a) = -a**3 + a**2 + a + 44. What is the tens digit of u(n)?
4
Let q = 13 + -17. What is the units digit of (-12)/(-5) - q/(-10)?
2
Let d(i) = -i**2 + 1. Let q be d(1). Let h = 10 + q. What is the units digit of h?
0
Suppose 4*h = 2*k + 3*k + 674, 174 = h - 4*k. Suppose 3*d = -r - 3*r + 136, 3*d - 2*r - h = 0. What is the units digit of d?
2
Suppose -2*l - 4*m + 72 = 0, 5*l + 5*m - 144 = 4*m. Suppose -l = -5*k - 5*h + 2*h, 4*k + h - 28 = 0. What is the units digit of k?
8
Let v(a) = 74*a + 1. Let i be v(1). Suppose -i = -5*x - 2*b, 2*b - 5*b = 2*x - 19. Suppose 7 + x = 3*l. What is the units digit of l?
8
Let x(z) be the second derivative of -2*z - 5/2*z**2 - 1/20*z**5 + 0 - 5/12*z**4 - 1/3*z**3. What is the units digit of x(-5)?
5
Let p = 6 + -8. Let j(g) = -g**3 + 7*g**2 - 5*g - 1. Let c be j(6). Let w = c - p. What is the units digit of w?
7
Let v(g) = g**2 + 5*g + 3. Suppose 0 = h + 1 - 2. Let a(s) = -5*s**3 - 2*s**2 + s. Let m be a(h). What is the units digit of v(m)?
9
Suppose -5*p - 3*v + 801 = 176, 2*p - 259 = -3*v. What is the tens digit of p?
2
What is the units digit of ((-9)/(-15))/(2/10)?
3
Suppose -2*w + 48 + 18 = 0. Let x be 2/8 - (-664)/32. Let v = w - x. What is the units digit of v?
2
Let f(v) = v - 1. Let h be f(-3). Let s(t) = -14*t + 1. Let r be s(h). Suppose -3*x + 0*x = -r. What is the units digit of x?
9
Let x(g) be the first derivative of -g**4/4 + 2*g**3 + 2*g**2 - 3*g - 2. What is the tens digit of x(6)?
2
Let c = 40 + -10. Let n be 6/(-10) - 12/c. What is the units digit of 6*n/(-2) - 2?
1
Suppose -1 = d - 8. Suppose 2*v + 110 = d*v. Let z = v + -14. What is the units digit of z?
8
Suppose -1 = -5*j + 3*x + 12, -11 = -3*j + 5*x. Suppose 4*i + 22 = j*g - 2, -2*i = -4*g + 24. What is the units digit of g?
4
Let o = 3 - 1. Suppose -2*h = o*h. Suppose h = -4*k + 54 - 14. What is the tens digit of k?
1
Let l = -3 + 0. Let v(m) = 1 - 5*m**2 + 8*m**2 + 2*m**3 - 6*m - m**3 + 3*m. What is the tens digit of v(l)?
1
What is the tens digit of 279/15 - (-8)/20?
1
Suppose -3*c = -228 + 12. What is the units digit of c?
2
Let i = 4 + -6. Let b = 3 + 0. Let m = b + i. What is the units digit of m?
1
Suppose 4*l - 198 = 638. What is the units digit of l?
9
Suppose 0 = 6*w + 9*w - 2670. What is the tens digit of w?
7
Suppose -p - 2*p + 417 = 0. What is the units digit of p?
9
Let u(q) = 11*q**3 + q. Let w be u(-1). Let g = -6 - w. What is the units digit of g?
6
Let v(p) = p**2 - 14*p + 18. What is the units digit of v(16)?
0
Let a = 12 - 10. Suppose -a*r + 73 = -5*d, 5*r + 4*d + 104 - 303 = 0. What is the units digit of r?
9
Let p(g) be the second derivative of g**4/12 + g**3/2 + 3*g**2/2 + g. Let z = -8 - -4. What is the units digit of p(z)?
7
Let b = -154 + 224. What is the tens digit of b?
7
Suppose 0 = 2*d + 6 - 0. Let u be 6 + d*(-2)/(-3). Suppose 5*g - 3*o = 19, o = -u*g + 2*o + 18. What is the units digit of g?
5
Let t be ((8 + -4)/(-4))/(-1). Let m(y) = 21*y**2 + 2*y. What is the units digit of m(t)?
3
What is the units digit of 687/(-4)*44/(-33)?
9
Suppose -3*m = -8*m + 305. What is the units digit of m?
1
What is the hundreds digit of 2*(5265/10)/9?
1
Let u(f) = f**2 + f + 0*f - 3*f + 3*f - 4. What is the units digit of u(-3)?
2
Let g(f) be the first derivative of 2*f**3/3 - 2*f**2 + f - 1. What is the units digit of g(3)?
7
Let q(b) = -29*b - 1. What is the units digit of q(-2)?
7
Let p(i) = 2*i**3 - 12*i**2 - 13*i - 13. Let f(r) = -r**3. Let y(d) = 3*f(d) + p(d). Suppose -35 - 9 = 4*t. What is the units digit of y(t)?
9
Suppose -2*f + 5 = -f. What is the tens digit of 14/1 + f + -8?
1
Let p(v) = -v**3 + 4*v**2 + 1. What is the units digit of p(4)?
1
Let l(a) = 2*a**3 - 15*a**2 + 6*a + 10. What is the units digit of l(7)?
3
Let q = -52 + 89. What is the units digit of q?
7
Suppose -x = 2*v - 66, -187 = -2*x - v - 52. Suppose 5*u = 2*g + 219, x = 5*u + 3*g - 141. What is the units digit of u?
3
Let c(m) = -m - 6. Let s be c(-6). What is the tens digit of s + -1 - (4 - 18)?
1
Let z = 64 + -21. What is the units digit of z?
3
Suppose 4*r - 9 - 19 = 0. Suppose -4*s + r*s - 108 = 0. What is the tens digit of s?
3
Let d(q) be the second derivative of -q**4/12 + 2*q**3/3 + 3*q**2 + 7*q. What is the units digit of d(5)?
1
Let n(j) = 2*j**2 + 9*j - 10. What is the tens digit of n(12)?
8
Suppose 2*t + 2*a = 22, -4*t + t + 5*a + 41 = 0. Suppose -s = -3*s + t. What is the units digit of s?
6
Suppose 64 = 4*k + 2*a, -2*k + 3*a + 32 = -0*a. What is the units digit of k?
6
Let s = 106 + -75. What is the units digit of s?
1
Let g(a) be the second derivative of -a**4/12 - 5*a**3/2 + 3*a**2 + a. Let d be g(-9). Suppose -7*c + 2*c + d = 0. What is the units digit of c?
2
What is the units digit of (12/(-18) + 314/(-6))*-2?
6
Suppose -3*h - 12 = 0, 0 = -3*g - 2*g + 5*h + 255. What is the tens digit of g?
4
Suppose 2*n + 5*y = -4 - 12, -5*y = 20. Suppose n*s + 10 = -4*o, o + 2*s - 7*s = 25. Suppose 3*h - 81 + 30 = o. What is the tens digit of h?
1
Suppose y + 3*w - 8 - 19 = 0, -5*w = 25. What is the tens digit of y?
4
What is the tens digit of 24/(-204) + (-1413)/(-17)?
8
What is the units digit of (-1)/7 - 2408/(-49)?
9
Let o = -44 + 93. Let a = -31 + o. What is the units digit of a?
8
Suppose -2*i - 36 = 84. Let u = -36 - i. What is the tens digit of u?
2
Let p be -1 + 1 + (-2)/1. Let a = -2 + p. What is the units digit of a/2 + 9/3?
1
Suppose 3*d = 11*d - 272. What is the tens digit of d?
3
Let b(g) = 3*g**2 - 5*g - 2. Let p be (2/2)/(2/8). What is the tens digit of b(p)?
2
Let n be 10 - 1 - (3 - 2). Let x(r) = 4*r + 4. What is the tens digit of x(n)?
3
Let r be 2 - (-44)/(6/(-3)). What is the units digit of (-1 + 0 - r) + 1?
0
Let d(i) = 13*i**2 + 12*i + 4. Let y(h) = 3*h**2 + 3*h + 1. Let x(o) = -2*d(o) + 9*y(o). What is the tens digit of x(-5)?
1
Suppose -2*a = -3 - 35. Let g = -11 + a. What is the units digit of g?
8
Let j be (-1)/(-1 - 1)*-10. Let v = -4 - j. What is the units digit of v?
1
Let f(j) = j**2 + 2*j + 16. What is the tens digit of f(-8)?
6
Let h(f) = f - 7. Let q be h(7). Suppose -5*u + 4*x = x - 91, q = -x + 3. What is the tens digit of u?
2
Let n be 7 